*s + 236. Calculate the remainder when 167 is divided by w(-6).
81
Let m(s) be the first derivative of s**3/3 + 7*s**2/2 + 24*s - 25. What is the remainder when 94 is divided by m(-7)?
22
Let y(d) = 4*d**2 + 148*d - 131. What is the remainder when 482 is divided by y(-38)?
20
Suppose -5*g + 349 = 4*b, -2*b + 6*g = 4*g - 152. Calculate the remainder when b is divided by 21.
18
Let n = 206 + -99. Let m(b) = -3*b**2 + 23*b + 47. Calculate the remainder when n is divided by m(9).
8
Suppose 0 = 35*p - 1877 - 398. Calculate the remainder when p is divided by 6.
5
Let z be (3 - 3) + 6 + -4. Suppose -j + z*n = -43, -4*j + 3*n + n + 184 = 0. Calculate the remainder when 23 is divided by (-89)/(-7) - (-14)/j.
10
Let h(o) = -o + 9. Let b be h(-8). Let a = b + 18. Suppose -a = -4*q - q. What is the remainder when q is divided by 4?
3
Calculate the remainder when (-4345)/(-30) + (-1)/(-6) is divided by 49.
47
Let m = -1241 + 1244. Suppose 0*v + 4*v = 8. What is the remainder when m is divided by v?
1
Suppose 4*q + q - 44 = -2*o, -4*q = 0. Calculate the remainder when o is divided by 9.
4
Let d be (1 + (-3)/6)/(6/144). Suppose -9*w - 174 = -d*w. Calculate the remainder when w is divided by 20.
18
Let o(p) = -p**3 - p**2 + p + 42. Suppose i - 3*i = -3*a - 17, 5*a = 4*i - 27. What is the remainder when o(0) is divided by 15/(-12)*(-5 + a)?
12
Let p = 451 - 434. Calculate the remainder when 261 is divided by p.
6
Suppose -9*p = -7*p - 104. Calculate the remainder when 102 is divided by p.
50
Suppose -o = -q - 49, -o - 3*q - 44 = -109. Let i(n) = -n**3 - 21*n**2 - 55*n - 4. What is the remainder when o is divided by i(-18)?
11
Suppose 3*u = -22*u + 325. Calculate the remainder when 42 is divided by u.
3
Let a(p) = 25*p + 65. Calculate the remainder when 119 is divided by a(-2).
14
Let s = -6 + 35. Let x = -26 + s. Suppose -x*v = 4*w - 0*v - 128, w - 47 = 3*v. Calculate the remainder when w is divided by 12.
11
Let c(b) = -b**3 - 3*b**2 + 8*b + 10. What is the remainder when c(-7) is divided by (-2)/(-2*((-12)/306)/(-2))?
48
Let s be 3*1 - (-18 - -24). Let c(t) = -t**3 + 2*t**2 + t - 4. Let j(f) = -f**3 - 2*f**2 + 4*f - 3. What is the remainder when c(s) is divided by j(-4)?
12
Suppose y - r - 31 = 3*r, y - 30 = 5*r. Calculate the remainder when y is divided by 27.
8
What is the remainder when (-82 - -8)/(-1) + -6 is divided by 11?
2
Let b = -45 + 25. Let p = 73 - b. Calculate the remainder when p is divided by 20.
13
Let z = 45 + -9. Suppose k - 3*v = 3*k - 28, -2*k + z = v. Calculate the remainder when 56 is divided by k.
16
Suppose -135 = 24*c - 1311. What is the remainder when 972/5 + (-4)/10 is divided by c?
47
Let w be 37 + -12 - (-4)/(-1). Suppose 5*h - w = -4*b + 44, 0 = 5*h + 2*b - 75. Calculate the remainder when h is divided by 5.
2
Calculate the remainder when 133 is divided by ((-204)/68)/(0 + (-2)/18).
25
Suppose 0 = 4*k + k - 20. Suppose k*w - 7 = -3. Let o(g) = 4*g + 1. Calculate the remainder when 17 is divided by o(w).
2
Let b = 4 + 1. Let c = 8 - b. What is the remainder when (-18)/(-5)*25/10 is divided by c?
0
Let b(v) = v**2 + 6*v + 7. What is the remainder when b(-11) is divided by 21?
20
Let a be 135/(-6)*(-80)/(-12). Let q = 19 - 5. Calculate the remainder when 3 + a/(-5 + 2) is divided by q.
11
Let b be (0 + 1/2)*44. What is the remainder when 85 is divided by (-3)/(-3)*(b - (-2 + 2))?
19
Let w be 0 + 3 - (-3 + -1 + -92). Suppose 107 - w = 4*x. Suppose 2*i = 3*i - 2. Calculate the remainder when x is divided by i.
0
Suppose 2*g = d - 20, 40 = 2*d + 3*g - 4*g. Suppose -48 = -6*b - 0*b. What is the remainder when d is divided by b?
4
Let l(q) = -13*q - 23 - 2*q**2 - 5*q + 13. What is the remainder when 34 is divided by l(-8)?
4
Let b(v) = -v**3 + 14*v**2 + 38*v - 39. Let r = -70 + 99. Calculate the remainder when b(16) is divided by r.
28
What is the remainder when (-8 - 0)*-22 - 2 is divided by 42?
6
Suppose 0 = 4*t - 8 - 16. Suppose 2*o - 10 = -3*o. What is the remainder when t is divided by 7/(28/8) + o?
2
Suppose h - 5477 = -3*f, 69*f + 1835 = 70*f + 5*h. Calculate the remainder when f is divided by 87.
85
Let q be 4/6 - (-43)/3. Let o = -15 + q. Suppose -j + 105 + 25 = o. What is the remainder when j is divided by 33?
31
Let v be -185 + -6 + (2 - -1). Let c = 264 + v. Suppose 8 + c = 4*u. Calculate the remainder when 61 is divided by u.
19
Let d(t) = t**2 + t + 3. Suppose -5*u + 2*s - 141 = 0, -4*u = u + 2*s + 129. Let b = -24 - u. Calculate the remainder when d(b) is divided by 8.
7
Let g be (-1 + 0)/((-12)/(-1740)). Let f = g + 341. Suppose -15*d + 11*d = -f. What is the remainder when d is divided by 10?
9
Let w(z) = -z**3 - 7*z**2 - 3*z + 1. Let i(s) = s**2 - 1. Let d(p) = 4*i(p) + w(p). Let u be 1/((-1)/(12/3)). What is the remainder when d(u) is divided by 7?
4
Suppose -40 = -2*s + 4*l, -5*l = -s - 8 + 19. Calculate the remainder when 103 is divided by s.
25
Suppose 2*n = 3*d + 609 - 2104, -3*n + 2517 = 5*d. Calculate the remainder when d is divided by 23.
18
Let c = 1070 - 1024. Suppose -5*p = 5*y - 100, -4*p = p + 4*y - 96. What is the remainder when c is divided by p?
14
Suppose 207 = f + 28. Suppose -f = -6*r + 175. What is the remainder when r is divided by 30?
29
Let v = -18 + 30. Let f(l) = -l**3 + 7*l**2 - 3*l - 1. Suppose 2*h = -4*b - 12, 4*h + 6*b - 2*b + 4 = 0. What is the remainder when f(h) is divided by v?
11
Let d(j) be the first derivative of 5*j**2/2 + 6. What is the remainder when 73 is divided by d(3)?
13
Let d(y) = -y**3 + 53*y**2 + 56*y - 58. What is the remainder when 241 is divided by d(54)?
41
Suppose -4*j + 152 = 4*o, -12*o + 2*j - 112 = -15*o. What is the remainder when o is divided by 8?
4
Let z(d) = -d**2 + 16*d - 8. Let h be z(13). Let u = h - 15. Suppose -92 = -3*j - v - 19, 4*v - u = 0. What is the remainder when j is divided by 8?
7
Let u = 31 + -13. Calculate the remainder when 35 is divided by u.
17
Suppose -19*p + 3*p = -624. Calculate the remainder when p is divided by 5.
4
Suppose -2*m = 2*u - 48, 7*u - 124 = 2*u - m. Let b = 4 + u. Calculate the remainder when 114 is divided by b.
27
Let c(d) = 5*d**2 - 6*d - 3. Let y be c(-4). Suppose 2*m - 4*m + 4 = 0. Suppose g - y = j, -3*g - m*j + 410 = g. What is the remainder when g is divided by 26?
24
Let j = 9 - 0. Let n(v) = -v**2 + 10*v - 6. Let l be n(j). Suppose l*f = 4*f - 26. Calculate the remainder when f is divided by 7.
5
Let v = -41 + 47. Suppose -32 = v*g - 10*g. Calculate the remainder when g is divided by 2.
0
Suppose 0*k = 2*k - 12. Let n(g) = 2*g**3 - 9*g**2 + 5*g - 4. Let r be n(4). Suppose r = -2*i + 35 - 5. What is the remainder when i is divided by k?
3
Suppose -4*p + 20 = p. Let v(f) = 4*f**2 - 11*f + 6. Calculate the remainder when 50 is divided by v(p).
24
Let t(x) = 63*x - 1110. Suppose -k + 12 = -3*j + 49, -49 = -3*j + 4*k. What is the remainder when t(19) is divided by j?
10
Suppose 0 = 2*o + 3*o - 30. Suppose -9*i + 7*i = -40. What is the remainder when i is divided by o?
2
Suppose -2*f + 140 = -428. Calculate the remainder when f is divided by 22.
20
Suppose 2903 - 9014 = -9*z. What is the remainder when z is divided by 31?
28
Let y(z) = -5*z**2 + 11*z - 2. Let p = -14 - -6. What is the remainder when (-108)/p*8/6 is divided by y(1)?
2
Let d = -69 - -51. Let k = d + 34. Calculate the remainder when 63 is divided by k.
15
Let b be (-1 - -3 - 2)/2. Suppose 8*o - 4*c - 333 = 5*o, b = -o - 5*c + 111. Calculate the remainder when o is divided by 57.
54
Let t(g) = 81*g - 226. Calculate the remainder when 184 is divided by t(3).
14
Suppose 2*t - 82 = 2*f - 5*f, f + 1 = 5*t. Let i = -36 - 97. Let v = i - -227. Calculate the remainder when v is divided by f.
22
Let g(i) = i**3 + 2*i + 1. Let c be g(-1). Let l = 71 - 30. What is the remainder when l is divided by ((-22)/(-6))/(c/(-6))?
8
Let j = 144 + -131. Let b = -290 + 107. Calculate the remainder when (-6)/(-15) - b/5 is divided by j.
11
Suppose 2*n = y + 29 + 50, -n = y - 38. What is the remainder when n is divided by 9?
3
Let m = 85 - 80. Let l(c) = c**2 + 17*c - 7. Calculate the remainder when l(m) is divided by 21.
19
Let o(z) = z**3 - 23*z**2 + 45*z - 3. Suppose 5*r = -5*h + 60, -5*h - r + 64 = -0*r. Calculate the remainder when o(21) is divided by h.
8
Let h = 22 - -